ose -3*d = -3*x + 348, m*x + 3*d - 499 = -0*d. Is x prime?
False
Suppose 2*n + 4*a = 24, -4*n + a = n - 60. Is 39/n*(3 - -17) a composite number?
True
Is 987*(2/(-3))/(-6 + 4) a prime number?
False
Suppose -g = r + 3*r - 95, 325 = 3*g + 2*r. Is g a composite number?
True
Suppose -3*u - 2*u = -745. Is u a prime number?
True
Suppose 0 = a - 24 - 66. Let h = a - 53. Is h a composite number?
False
Suppose 6*f - 2716 = -8*f. Is f composite?
True
Let q(f) = f**3 + 3*f**2 + f. Let l be q(-2). Suppose -l*o + 0 = -4. Suppose -a - 11 = -o*a. Is a a composite number?
False
Suppose 1082 = 3*m - 385. Let t = m - 236. Is t a prime number?
False
Suppose 0 = -4*i + 73 + 27. Suppose 0 = -2*h - 3*h - i, -53 = -4*b + 5*h. Is b a composite number?
False
Suppose h + 31 = 2*q, 49 = 5*q - 3*h - 31. Is q a prime number?
True
Let v = -17 + 10. Let b(f) = 8*f - 4. Let m be b(v). Let w = m + 113. Is w a prime number?
True
Is -3 - (-2162 - 4)/3 prime?
True
Suppose 58706 + 2092 = 6*l. Is l a prime number?
True
Let q(k) = -k**2 + 5*k - 2. Let b be q(5). Let a = b + 0. Is a*1/(-1)*19 a composite number?
True
Let b = 11 - -3. Is b prime?
False
Is (-6 - -10) + (1043 - -2) prime?
True
Is (3 - 10/3)*-201 composite?
False
Let v be (-1)/3 + (-1048)/6. Is 5 + (0 - 2) - v prime?
False
Let h(r) = 2*r**2 - 11*r + 44. Is h(19) composite?
False
Suppose 0 = 5*z + 2*j + 640, -3*z - 4*j + 0*j = 384. Is (-1 - z)/(-1 + 2) prime?
True
Suppose u - 3*x - 11 = -0*u, -4*x + 7 = 3*u. Suppose -373 - 62 = -u*h. Is h a prime number?
False
Is 5854/5 + (-8)/(-40) a prime number?
True
Let y = 251 - 48. Is y prime?
False
Suppose -4*v = 4*w - 2*v - 6, 2*w - 3*v + 9 = 0. Is (w + (1 - -18))/1 composite?
False
Suppose -39 = 5*x + 86. Let p be 3/1*x/(-15). Suppose 8*n - p*w - 94 = 5*n, 0 = -2*w - 10. Is n a prime number?
True
Let l = -11 - -15. Suppose 0 = -2*r + l, -5*r + 30 - 272 = -4*s. Suppose s = 5*x - 2*x. Is x a prime number?
False
Suppose 4*h = -z - 16, 4*z - h = 2*h + 31. Suppose 0*n + 508 = z*n. Is n prime?
True
Let y(l) = l**3 + 5*l**2 + l - 2. Let r be y(-5). Let m(t) = -t + 7. Is m(r) composite?
True
Let n be (7 + 196 + 1*2)*1. Suppose 2*w - 26 = 34. Let r = w + n. Is r a prime number?
False
Let z be 208 - (2/2 + 1). Suppose -193 = -3*l + z. Is l a composite number?
True
Suppose -4*u + 6285 = u. Is u prime?
False
Suppose h + 2*n - 5132 = -3*h, 4*n + 3849 = 3*h. Is h a composite number?
False
Let s(t) = -2*t**3 - 3*t**2 + 3*t - 5. Let o = -10 + 5. Let m be s(o). Suppose j - 6*j = -m. Is j a prime number?
True
Suppose 0 = -i - 0*i + 5. Let s be ((-12)/15)/(-2)*i. Is 1/s + (-84)/(-8) a prime number?
True
Let o(a) = -a**3 - 7*a**2 - 7*a - 4. Let v be o(-6). Suppose -2*t = -3*d - 12, 12 = -3*t + 5*t - v*d. Is t a composite number?
True
Suppose 0 = -2*r + 2, -18 + 52 = 5*q + 4*r. Let h(k) = -k**3 + 5*k**2 + 7*k - 9. Let b be h(q). Is -1 + 260 + 1 + b a composite number?
False
Let n(y) = 14*y**2 - 43*y - 2 + 44*y + 0. Suppose 4*i + 2*w - 10 = 0, 5*i + 0*w = -4*w + 11. Is n(i) prime?
True
Let g(q) = -q - 6. Let b be g(-3). Let r = 6 - b. Is ((-30)/r)/(1/(-3)) composite?
True
Let b(k) = k**2 - 4*k + 2. Suppose 0 = -5*t - 15, -4*t - 27 = -2*a + t. Is b(a) composite?
True
Suppose -4*y = v - 3393, -2*v + 4*y = 7*y - 6766. Is v composite?
True
Let z be 2/(-4) + 33/6. Let p = 3 + -3. Suppose -3*w + 73 = c + w, p = z*w - 20. Is c composite?
True
Let a = 3 + -1. Is -5 + 3 - -12*a a composite number?
True
Let l(d) = d**2 - 3*d + 5. Let u be l(4). Is 3/u + 146/3 composite?
True
Let f = -61 + 247. Let m = 4 - -1. Suppose f = m*g - 159. Is g composite?
True
Let a = -400 + 1409. Is a composite?
False
Is (-2 + 0)/(8/(-1828)) a composite number?
False
Let r be 1/2*6 + -1. Suppose 4*l - 2 = r*l. Is (2/(-4))/l*-42 prime?
False
Let w = 1038 - 561. Suppose 3*q - w = 156. Is q a prime number?
True
Suppose 3 = -j + 3*p, -4*p - 1 + 0 = -3*j. Suppose 0 = -2*d - j*d - 30. Is 4/(-6)*207/d a prime number?
True
Let g(y) = y**2 - 2*y - 1. Let o be g(3). Let l = 19 + o. Is l a composite number?
True
Let y(z) = -z**3 + z + 293. Let x = 16 + -16. Is y(x) prime?
True
Let n = -79 + 113. Let z = -8 + n. Is z a prime number?
False
Let a = 11 + -6. Suppose -2*b + 7*b = a. Is (-57)/(b/(-1)) + -2 a composite number?
True
Let q be (-13 + 6)*(1 + -17). Suppose -3*u + q = -323. Is u composite?
True
Suppose -3*n - 55 = 2*l, -5*l - 175 + 54 = 2*n. Let g = l - -114. Is g a composite number?
True
Suppose -3*r - r + 6522 = 2*a, r + 6517 = 2*a. Is a prime?
True
Let t(n) = n**2 + n. Let j be t(1). Suppose -30 = -5*i + 3*o, -4*i = j*o - o - 7. Suppose i*p = 67 + 38. Is p prime?
False
Let x(o) be the first derivative of 2*o**3/3 - 7*o**2/2 - 2*o + 2. Let u(s) = s**3 + 7*s**2 - 2*s - 7. Let a be u(-7). Is x(a) a composite number?
False
Let h be (-78)/(-18) - 2/6. Let q(r) = 5*r**3 - 3*r**2 - 2*r - 5. Is q(h) a prime number?
False
Let x(f) be the second derivative of f**5/5 - f**4/3 + f**3/3 + f**2 + 2*f. Is x(2) composite?
True
Suppose -7 = q - 17. Suppose 0 = 3*s - q + 4. Suppose 2*o + 18 = l + l, 3*l - 29 = s*o. Is l a prime number?
True
Let w(m) = -m**2. Let a be w(3). Suppose -6 = 5*s - 26. Is s/(-6) + (-141)/a composite?
True
Let f = 3 - 3. Suppose 5*p - 3*t - 15 = 0, 3*t = -3*p + p - 15. Suppose f = -5*l - 3*n + 401, -3*l = -p*l - 4*n - 229. Is l prime?
True
Let j be (-285)/(-5)*(1 + 20). Suppose 5*i - 3*i = -4*q + 1182, -4*q + j = 5*i. Is q a composite number?
False
Suppose -y + 4*t + 29 = 0, -5*t = 6*y - y - 220. Let h = y + -9. Suppose 2*s - h - 20 = 0. Is s prime?
False
Let s(m) = -m - 4. Let g be s(3). Let c(h) = -h**2 + 6*h - 1. Let r be c(6). Let f = r - g. Is f a prime number?
False
Let f(q) = -2*q**3 + 9*q**2 - 3*q + 8. Let x be f(6). Is ((-7)/(-14))/((-1)/x) a composite number?
False
Suppose 3 = -2*z + 5*z. Let u be (z/(-3))/((-2)/78). Is 2*(u - 2)/1 composite?
True
Suppose -5 = -5*b + 2*w + 39, -b - 4*w = 0. Suppose 0 = -0*a - 4*a + 20. Suppose a*v = 43 - b. Is v a prime number?
True
Suppose 2*y = -0*y. Let w(n) be the second derivative of n**3/6 + 49*n**2/2 + 2*n. Is w(y) a prime number?
False
Suppose 1 = 5*b + 6. Let v be (12 + -2 + -2)/b. Let z = v + 43. Is z a prime number?
False
Suppose -2*n - 4 = d, 6*n = 2*n - 8. Let i(v) = v**2 - v + 79. Is i(d) composite?
False
Let c(f) = 224*f + 5. Is c(3) composite?
False
Is -31 + 29 - (-381)/(2 - 1) a composite number?
False
Suppose 3*j + 0*q = 2*q + 4591, 5*q + 25 = 0. Is j composite?
True
Let f = -685 + 1428. Is f a prime number?
True
Suppose 0*f + 20 = -4*f, 3*g = -5*f + 860. Let t = g + -112. Is t a composite number?
True
Let n = -4 - -9. Let c = -4 + n. Suppose -2*u + 174 = -4*k, k = -4 - c. Is u composite?
True
Let l(m) = 60*m + 22. Is l(8) a prime number?
False
Suppose 372 + 980 = 4*o - r, -4*o + 1336 = 3*r. Is o a prime number?
True
Suppose 21 = -2*i - 0*i - p, -5*p = -4*i - 7. Let g(r) = r**3 + 7*r**2 - 9*r + 1. Is g(i) composite?
True
Let d(f) = f - 4. Let w be 14/(-1)*(-2)/4. Let j be d(w). Suppose 7*k = 4*k + 3*i + 99, 2*k = j*i + 68. Is k composite?
False
Let y(h) = 2*h**3 + 2*h**2 + 2*h + 1. Let m be y(-2). Is (-6995)/(-55) - (-2)/m a prime number?
True
Let k(a) = 176*a**2 + 2*a + 1. Is k(2) composite?
False
Is 1903/15 + (-8)/(-60) a composite number?
False
Suppose 3*s + u = 1903, -s = -5*u + 109 - 754. Suppose -4*c = b + 2*b - 508, 3*b = 5*c - s. Is c a composite number?
False
Let g = 35 - -62. Is g a prime number?
True
Let p = 13 - 8. Suppose d + 310 = p*n + 6*d, 5*n + d - 322 = 0. Is n a composite number?
True
Let r(y) = -29*y + 9. Let d be r(7). Is (-3)/(-12)*-2*d composite?
False
Let u = 137 - 68. Suppose -5 = -h + 6*h + 3*t, 5*h = -2*t. Suppose -h*l - l + u = 0. Is l a composite number?
False
Let k = 0 - -4. Let r be k/(-1)*4/8. Is 1 + -2 + r + 134 prime?
True
Let u = -439 - -1130. Is u prime?
True
Let a = -696 - -402. Let o(m) = -90*m + 13. Let q be o(-6). Let r = q + a. Is r prime?
False
Suppose 0*w + 3*w - 6 = 0. Suppose 2*r = -w*r + 60. Is r prime?
False
Let w be (1/(-2))/((-2)/16). Suppose -5*a + 34 = -2*t, -5*a + 0*t + w*t + 38 = 0. Suppose a + 8 = i. Is i prime?
False
Let k = 2201 - 690. Is k composite?
False
Suppose 5*z - c = 21355, 3*c = -4*z + 5*c + 17084. Is z a prime number?
True
Suppose 0*h + 4*h - 1068 = 0. Is h prime?
False
Suppose 6*h = 2*h. Suppose 0